{"id":13390,"date":"2022-02-17T14:09:27","date_gmt":"2022-02-17T13:09:27","guid":{"rendered":"http:\/\/staging.nautilus.se\/?post_type=product&#038;p=13390"},"modified":"2023-01-04T14:19:23","modified_gmt":"2023-01-04T13:19:23","slug":"flex-abonnemang","status":"publish","type":"product","link":"https:\/\/staging.nautilus.se\/eng\/hyra-bat\/flex-abonnemang\/","title":{"rendered":"<p>FLEX-Boat Subscription<\/p>"},"content":{"rendered":"<p>A very simple, flexible and affordable option for you who want easy access to a boat, but are unsure how much you will be able to book. You only commit to one season at a time.<p>In addition to the annual fee of SEK 5,000, you pay a booking fee when you book a boat. This is 5-50% cheaper than if you rent without a subscription.<\/p><p>&nbsp;<\/p><p>Includes<\/p><ul>\n<li>Pay and Go booking<\/li>\n<li>One booking at a time<\/li>\n<li>Sailing and motor boats<\/li>\n<li>Jet ski, kayak, SUP, etc<\/li>\n<li>Maritime Assistance and Premium Assistance<\/li>\n<\/ul><p>&nbsp;<\/p><p>Advantages of a subscription compared to renting a boat<\/p><ul>\n<li>access to all boats in the fleet<\/li>\n<li>pick up and drop off the boat yourself, the time you want<\/li>\n<li>no administration when picking up\/dropping off a boat<\/li>\n<li>&gt;50% cheaper than renting without a subscription<\/li>\n<\/ul><p>&nbsp;<\/p><p>To sign up for a subscription applies<\/p><ul>\n<li>you must be a private person<\/li>\n<li>have a Swedish social security number<\/li>\n<li>at least 25 years old<\/li>\n<li>have at least a Driver's license and good experience with boats corresponding to the ones you will book<\/li>\n<li>or register for our introductory training<\/li>\n<\/ul><p>&nbsp;<\/p><p>The length of each booking is shown per boat. Small boats can be booked for e.g. 1 day at a time and larger boats up to 14 days per booking at the most.<\/p><\/p>","protected":false},"excerpt":{"rendered":"<p>One-time payment Annual fee.<\/p>","protected":false},"featured_media":13238,"template":"","meta":[],"product_cat":[143],"product_tag":[],"class_list":{"0":"post-13390","1":"product","2":"type-product","3":"status-publish","4":"has-post-thumbnail","6":"product_cat-medlemskap","8":"first","9":"instock","10":"virtual","11":"taxable","12":"purchasable","13":"product-type-simple"},"yoast_head":"<!-- This site is optimized with the Yoast SEO Premium plugin v21.9 (Yoast SEO v21.9) - https:\/\/yoast.com\/wordpress\/plugins\/seo\/ -->\n<title>FLEX-B\u00e5tabonnemang | StageSite<\/title>\n<meta name=\"robots\" content=\"index, follow, max-snippet:-1, max-image-preview:large, max-video-preview:-1\" \/>\n<link rel=\"canonical\" href=\"http:\/\/staging.nautilus.se\/eng\/rent%20a%20boat\/flex-abonnemang\/\" \/>\n<meta property=\"og:locale\" content=\"en_US\" \/>\n<meta property=\"og:type\" content=\"article\" \/>\n<meta property=\"og:title\" content=\"FLEX-B\u00e5tabonnemang\" \/>\n<meta property=\"og:description\" content=\"Eng\u00e5ngsbetalning \u00c5rsavgift.\" \/>\n<meta property=\"og:url\" content=\"http:\/\/staging.nautilus.se\/eng\/rent a boat\/flex-abonnemang\/\" \/>\n<meta property=\"og:site_name\" content=\"StageSite\" \/>\n<meta property=\"article:publisher\" content=\"https:\/\/www.facebook.com\/nautilusboatclub\/\" \/>\n<meta property=\"article:modified_time\" content=\"2023-01-04T13:19:23+00:00\" \/>\n<meta property=\"og:image\" content=\"http:\/\/staging.nautilus.se\/wp-content\/uploads\/2022\/02\/Uttern-T53f.jpg\" \/>\n\t<meta property=\"og:image:width\" content=\"1280\" \/>\n\t<meta property=\"og:image:height\" content=\"720\" \/>\n\t<meta property=\"og:image:type\" content=\"image\/jpeg\" \/>\n<meta name=\"twitter:card\" content=\"summary_large_image\" \/>\n<meta name=\"twitter:label1\" content=\"Est. reading time\" \/>\n\t<meta name=\"twitter:data1\" content=\"1 minute\" \/>\n<script type=\"application\/ld+json\" class=\"yoast-schema-graph\">{\"@context\":\"https:\/\/schema.org\",\"@graph\":[{\"@type\":\"WebPage\",\"@id\":\"http:\/\/staging.nautilus.se\/eng\/rent a boat\/flex-abonnemang\/\",\"url\":\"http:\/\/staging.nautilus.se\/eng\/rent a boat\/flex-abonnemang\/\",\"name\":\"FLEX-B\u00e5tabonnemang | StageSite\",\"isPartOf\":{\"@id\":\"https:\/\/staging.nautilus.se\/#website\"},\"datePublished\":\"2022-02-17T13:09:27+00:00\",\"dateModified\":\"2023-01-04T13:19:23+00:00\",\"breadcrumb\":{\"@id\":\"http:\/\/staging.nautilus.se\/eng\/rent a boat\/flex-abonnemang\/#breadcrumb\"},\"inLanguage\":\"en-US\",\"potentialAction\":[{\"@type\":\"ReadAction\",\"target\":[\"http:\/\/staging.nautilus.se\/eng\/rent a boat\/flex-abonnemang\/\"]}]},{\"@type\":\"BreadcrumbList\",\"@id\":\"http:\/\/staging.nautilus.se\/eng\/rent a boat\/flex-abonnemang\/#breadcrumb\",\"itemListElement\":[{\"@type\":\"ListItem\",\"position\":1,\"name\":\"Home\",\"item\":\"https:\/\/staging.nautilus.se\/\"},{\"@type\":\"ListItem\",\"position\":2,\"name\":\"Privat: Hyr b\u00e5t enkelt och tryggt\",\"item\":\"https:\/\/staging.nautilus.se\/?page_id=11273\"},{\"@type\":\"ListItem\",\"position\":3,\"name\":\"FLEX-B\u00e5tabonnemang\"}]},{\"@type\":\"WebSite\",\"@id\":\"https:\/\/staging.nautilus.se\/#website\",\"url\":\"https:\/\/staging.nautilus.se\/\",\"name\":\"StageSite\",\"description\":\"Modernt och m\u00e5ngsidigt b\u00e5tliv\",\"publisher\":{\"@id\":\"https:\/\/staging.nautilus.se\/#organization\"},\"potentialAction\":[{\"@type\":\"SearchAction\",\"target\":{\"@type\":\"EntryPoint\",\"urlTemplate\":\"https:\/\/staging.nautilus.se\/?s={search_term_string}\"},\"query-input\":\"required name=search_term_string\"}],\"inLanguage\":\"en-US\"},{\"@type\":\"Organization\",\"@id\":\"https:\/\/staging.nautilus.se\/#organization\",\"name\":\"Nautilus Boat Club AB\",\"url\":\"https:\/\/staging.nautilus.se\/\",\"logo\":{\"@type\":\"ImageObject\",\"inLanguage\":\"en-US\",\"@id\":\"https:\/\/staging.nautilus.se\/#\/schema\/logo\/image\/\",\"url\":\"http:\/\/staging.nautilus.se\/wp-content\/uploads\/2022\/10\/Nautilus-shell-blue-back-w-logo.png\",\"contentUrl\":\"http:\/\/staging.nautilus.se\/wp-content\/uploads\/2022\/10\/Nautilus-shell-blue-back-w-logo.png\",\"width\":1755,\"height\":1130,\"caption\":\"Nautilus Boat Club AB\"},\"image\":{\"@id\":\"https:\/\/staging.nautilus.se\/#\/schema\/logo\/image\/\"},\"sameAs\":[\"https:\/\/www.facebook.com\/nautilusboatclub\/\",\"https:\/\/www.instagram.com\/nautilusboatclub\/\",\"https:\/\/www.linkedin.com\/company\/4998214\/admin\/\",\"https:\/\/www.youtube.com\/channel\/UCrhrs3yv-t72B5igMm2keKQ\/videos?app=desktop\"]}]}<\/script>\n<!-- \/ Yoast SEO Premium plugin. -->","yoast_head_json":{"title":"FLEX-B\u00e5tabonnemang | StageSite","robots":{"index":"index","follow":"follow","max-snippet":"max-snippet:-1","max-image-preview":"max-image-preview:large","max-video-preview":"max-video-preview:-1"},"canonical":"http:\/\/staging.nautilus.se\/eng\/rent a boat\/flex-abonnemang\/","og_locale":"en_US","og_type":"article","og_title":"FLEX-B\u00e5tabonnemang","og_description":"Eng\u00e5ngsbetalning \u00c5rsavgift.","og_url":"http:\/\/staging.nautilus.se\/eng\/rent a boat\/flex-abonnemang\/","og_site_name":"StageSite","article_publisher":"https:\/\/www.facebook.com\/nautilusboatclub\/","article_modified_time":"2023-01-04T13:19:23+00:00","og_image":[{"width":1280,"height":720,"url":"http:\/\/staging.nautilus.se\/wp-content\/uploads\/2022\/02\/Uttern-T53f.jpg","type":"image\/jpeg"}],"twitter_card":"summary_large_image","twitter_misc":{"Est. reading time":"1 minute"},"schema":{"@context":"https:\/\/schema.org","@graph":[{"@type":"WebPage","@id":"http:\/\/staging.nautilus.se\/eng\/rent a boat\/flex-abonnemang\/","url":"http:\/\/staging.nautilus.se\/eng\/rent a boat\/flex-abonnemang\/","name":"FLEX-B\u00e5tabonnemang | StageSite","isPartOf":{"@id":"https:\/\/staging.nautilus.se\/#website"},"datePublished":"2022-02-17T13:09:27+00:00","dateModified":"2023-01-04T13:19:23+00:00","breadcrumb":{"@id":"http:\/\/staging.nautilus.se\/eng\/rent a boat\/flex-abonnemang\/#breadcrumb"},"inLanguage":"en-US","potentialAction":[{"@type":"ReadAction","target":["http:\/\/staging.nautilus.se\/eng\/rent a boat\/flex-abonnemang\/"]}]},{"@type":"BreadcrumbList","@id":"http:\/\/staging.nautilus.se\/eng\/rent a boat\/flex-abonnemang\/#breadcrumb","itemListElement":[{"@type":"ListItem","position":1,"name":"Home","item":"https:\/\/staging.nautilus.se\/"},{"@type":"ListItem","position":2,"name":"Privat: Hyr b\u00e5t enkelt och tryggt","item":"https:\/\/staging.nautilus.se\/?page_id=11273"},{"@type":"ListItem","position":3,"name":"FLEX-B\u00e5tabonnemang"}]},{"@type":"WebSite","@id":"https:\/\/staging.nautilus.se\/#website","url":"https:\/\/staging.nautilus.se\/","name":"StageSite","description":"Modernt och m\u00e5ngsidigt b\u00e5tliv","publisher":{"@id":"https:\/\/staging.nautilus.se\/#organization"},"potentialAction":[{"@type":"SearchAction","target":{"@type":"EntryPoint","urlTemplate":"https:\/\/staging.nautilus.se\/?s={search_term_string}"},"query-input":"required name=search_term_string"}],"inLanguage":"en-US"},{"@type":"Organization","@id":"https:\/\/staging.nautilus.se\/#organization","name":"Nautilus Boat Club AB","url":"https:\/\/staging.nautilus.se\/","logo":{"@type":"ImageObject","inLanguage":"en-US","@id":"https:\/\/staging.nautilus.se\/#\/schema\/logo\/image\/","url":"http:\/\/staging.nautilus.se\/wp-content\/uploads\/2022\/10\/Nautilus-shell-blue-back-w-logo.png","contentUrl":"http:\/\/staging.nautilus.se\/wp-content\/uploads\/2022\/10\/Nautilus-shell-blue-back-w-logo.png","width":1755,"height":1130,"caption":"Nautilus Boat Club AB"},"image":{"@id":"https:\/\/staging.nautilus.se\/#\/schema\/logo\/image\/"},"sameAs":["https:\/\/www.facebook.com\/nautilusboatclub\/","https:\/\/www.instagram.com\/nautilusboatclub\/","https:\/\/www.linkedin.com\/company\/4998214\/admin\/","https:\/\/www.youtube.com\/channel\/UCrhrs3yv-t72B5igMm2keKQ\/videos?app=desktop"]}]}},"_links":{"self":[{"href":"https:\/\/staging.nautilus.se\/eng\/wp-json\/wp\/v2\/product\/13390","targetHints":{"allow":["GET"]}}],"collection":[{"href":"https:\/\/staging.nautilus.se\/eng\/wp-json\/wp\/v2\/product"}],"about":[{"href":"https:\/\/staging.nautilus.se\/eng\/wp-json\/wp\/v2\/types\/product"}],"wp:featuredmedia":[{"embeddable":true,"href":"https:\/\/staging.nautilus.se\/eng\/wp-json\/wp\/v2\/media\/13238"}],"wp:attachment":[{"href":"https:\/\/staging.nautilus.se\/eng\/wp-json\/wp\/v2\/media?parent=13390"}],"wp:term":[{"taxonomy":"product_cat","embeddable":true,"href":"https:\/\/staging.nautilus.se\/eng\/wp-json\/wp\/v2\/product_cat?post=13390"},{"taxonomy":"product_tag","embeddable":true,"href":"https:\/\/staging.nautilus.se\/eng\/wp-json\/wp\/v2\/product_tag?post=13390"}],"curies":[{"name":"wp","href":"https:\/\/api.w.org\/{rel}","templated":true}]}}